t o be a(-3). What is s(o)?
-3
Suppose 3*d + 11 = -4*k - 1, 3*k = -2*d - 8. Let m(n) = -4*n**2 + 3*n**2 + n + k*n. Let f = 16 + -17. Determine m(f).
-2
Let d be (-2)/(-5)*(2 - -3). Suppose 2*q + 6 + 0 = -2*z, 4*q = d*z - 18. Let p(c) be the first derivative of -c**2/2 + 2. What is p(q)?
4
Let h(n) = -n**2 + 1. Suppose 4*l - 34 = 6*l. Let m = 14 + l. Give h(m).
-8
Let h(g) be the second derivative of g**5/60 + g**4/24 - 2*g**3/3 + 3*g**2/2 + 7*g. Let w(i) be the first derivative of h(i). Calculate w(-3).
2
Let v(y) = -y**3 - 4*y**2 + y - 1. Let j be -3 + 10/(-15)*3. What is v(j)?
19
Let i(l) = 5*l + 11*l**2 - 2*l + l**3 + 9*l**2 - 3 - 15*l**2. Suppose 3*k - 4*t + 20 = 0, 3*t - 26 = 5*k - 0*t. Give i(k).
1
Let x be (3/(-2))/((-1)/(-10)). Let a be 6/x - (-12)/5. Let o be ((-4)/(-4))/(a/(-4)). Let m(y) = -4*y - 1. Calculate m(o).
7
Let c(p) = 6*p**2 + 1 + 5*p - 2*p**2 - 3*p**2 + 1. Let a be (2/(-3))/(6/(-27)). Suppose -3*k - 11 = z + a*z, 30 = -3*z + 5*k. What is c(z)?
2
Let c(r) be the third derivative of r**4/24 + 2*r**3 - 7*r**2. What is c(-5)?
7
Let r(o) = -o**2 - 12*o - 5. Let k(h) = 2*h**2 + 25*h + 11. Let j(p) = -2*k(p) - 5*r(p). Let v be j(-9). Let z(u) = -2*u - 3. Calculate z(v).
9
Let d(m) = 42*m - 130*m + 42*m + 5 + 44*m. What is d(-6)?
17
Suppose 20 = -13*u + 8*u. Let x(f) = -f - 7. Let t be x(u). Let r(s) = s**2 + s - 1. What is r(t)?
5
Let y(c) = 11*c**2 + c - 3. Let l be y(1). Let o(a) = a**3 - 9*a**2 - 2*a + 10. Give o(l).
-8
Let r(f) be the third derivative of -1/60*f**5 + 0 + f**2 + 1/3*f**3 + 0*f**4 + 0*f. Calculate r(-2).
-2
Let m(d) = d - 10. Suppose 0 = 11*c - 14*c + 27. What is m(c)?
-1
Let c be ((-3)/4)/(2/(-8)). Let s = c + 2. Let r(y) = y**2 - 3*y - 4. What is r(s)?
6
Let p(j) = j - 6. Suppose -c = -14 + 8. What is p(c)?
0
Let q(k) be the first derivative of -k**3/3 - k**2 - 4*k + 4. Let s(j) = -j**3 + 3*j**2 + 3*j + 1. Let g be s(4). Give q(g).
-7
Let l(p) = 4*p + 10. Suppose 0 = s + 3, -4*s + 15 = -0*i - 3*i. What is l(i)?
-26
Let l(i) = -i**2 - 6*i + 5. Let y(w) = 61*w**3 - 1. Let t be y(1). Let n be t/50*10/(-2). Calculate l(n).
5
Let g = 14 - 9. Suppose g*z + 16 + 22 = -3*l, -20 = 4*l - z. Let k(h) = h**2 + 8*h + 9. Calculate k(l).
-3
Let m(u) be the second derivative of -u**5/20 - 5*u**4/12 + 5*u**3/6 - u**2 - 17*u. Give m(-6).
4
Let a(l) = 4*l + 0*l + 3 - 4*l - l. Let d(z) = -z**2 - z + 5. Let o be d(0). Let m be o*-1*1/(-1). Give a(m).
-2
Let t(u) be the second derivative of -u**8/6720 + u**7/630 + u**6/120 - u**5/60 - u**4/6 - 2*u. Let p(q) be the third derivative of t(q). What is p(5)?
3
Let x(t) = -t**3 - 3*t**2 - t + 4. Let c be (-5)/10*2*3. What is x(c)?
7
Let g be -1*(-5 - 0/(-1)). Let j(s) = 11*s - s - 6 - 8*s. Determine j(g).
4
Suppose -2 = -2*h + 4. Let u be (-1 - -3 - 0)*h. Suppose 0*b - b + d = u, -4*b = d + 4. Let a(l) = -l**2 + 2. Calculate a(b).
-2
Let w = 5 - 2. Let t be w + (-1)/((-3)/(-6)). Let h(g) = 11*g**3 + 1. What is h(t)?
12
Let r(w) = w + 1. Let g(h) = -2*h + 5. Let x(b) = g(b) - 5*r(b). What is x(-4)?
28
Let k = -4 + 3. Let m(y) be the first derivative of 3*y**4/4 - 2*y**3/3 - y**2 - y - 32. Give m(k).
-4
Suppose -5*t = 4*v + 8 + 52, 5*v - 3*t = -38. Let f = -6 - v. Let u(j) = -j**2 + 4*j + 3. What is u(f)?
3
Let g(i) = -i**2 + i + 15. Let o = -13 - -13. Give g(o).
15
Suppose -5*j + 20 = -15. Suppose 2*h = j*h + 10. Let w = h - -3. Let t(f) = -6*f**3 - f**2 + f. Give t(w).
-6
Let c be (2 + 7/(-3))/((-4)/(-60)). Let a(t) = 3*t - 2. Let o(k) = 3*k - 1. Let s(n) = -5*a(n) + 6*o(n). Calculate s(c).
-11
Let j(q) = 6*q. Let c be (-1)/(3/(-12)*-2). Let f(p) = p**3 + 3*p**2 + p - 1. Let x be f(c). Determine j(x).
6
Let w(s) = -11*s**2 - 12*s - 17. Let c(i) = -5*i**2 - 6*i - 8. Let y(m) = 9*c(m) - 4*w(m). Calculate y(-6).
-4
Let i(v) be the third derivative of -v**4/12 + 2*v**3/3 - 13*v**2. Let o(n) = n**2 + n + 2. Let r be o(-2). Determine i(r).
-4
Suppose -3 = -a + h, a + 7 = -3*h + 18. Suppose z = -a*t + 16, 3*z = 6*t - 2*t - 28. Let o(s) = 2 + 2*s - 2 - s. Give o(t).
4
Let j(f) be the second derivative of 2*f**4/3 + f**3/3 + f**2/2 + f. Let m = 7 + -3. Suppose 0*v - m*v = 2*h + 6, -2*h = 5*v + 7. Give j(v).
7
Let k(x) = x**3 + 2*x**2 + 5*x - 5. Suppose 2*y = 3*y + 1. Let a(w) = w**3 - 1. Let i(b) = y*k(b) + 2*a(b). Give i(3).
-3
Let w(c) = -c - 4. Let t(k) = 14*k**2 - k + 1. Let a be t(1). Suppose 0*u + v = 4*u - a, -2*v + 2 = 2*u. What is w(u)?
-7
Let n(q) = -q**2 + 13*q. Let h(j) = -j - 1. Let w(l) = 6*h(l) + n(l). Let b be w(4). Let k(o) = 3*o + b - o**3 + 2*o**2 - 4 + o**2. Calculate k(4).
-2
Let k(d) = d**3 + 4*d**2 - 4*d + 1. Let a = 10 - 19. Let p(y) = y + 4. Let i be p(a). Give k(i).
-4
Let r(d) = -6 - 3*d - 4 + 3 + d**2. Let s be (10/(-1))/(-1 - 1). What is r(s)?
3
Let p(s) be the second derivative of -5*s**3/6 + s**2/2 - 2*s. Let f be p(1). Let v(d) = 3*d**2 - d**2 + 1 + 3*d - d**2. Give v(f).
5
Let v(p) = -p**3 + 4*p**2 - p. Let n be v(4). Let o = n - -7. Let d(w) = -w**3 + 2*w**2 + 3*w - 2. Determine d(o).
-2
Let y(o) = -o**2 - 9*o - 2. Let l be 108/8*2/(-3). Calculate y(l).
-2
Let p(x) = 2*x**2 + 14*x + 5. Let l(m) = m**2 + 7*m + 3. Let b(r) = -9*l(r) + 4*p(r). What is b(-6)?
-1
Let a(y) = -19*y**2 - y**3 + 20*y**2 + 3 + y - 4*y. Give a(2).
-7
Let i(f) = 4*f**3 + 7*f**2 - 3*f**2 - 2 - 5*f**3 + 2*f**2 - 2*f. What is i(2)?
10
Let v = 19 - 18. Let l(j) = -3*j + 1. What is l(v)?
-2
Let g(c) = -c**3 + 2*c**2 + 4*c - 1. Let a be g(3). Let f(z) = -2 - 3*z**2 - z**3 - z + 5*z**2 + z. Determine f(a).
-2
Let s(r) = -1 - 2*r**2 + 4*r**2 + 0*r**3 + 2*r - r**3. Let d be s(2). Let a(m) = -2*m**3 - 8*m**2 + 3*m**3 - 3 + d*m**2 + 2*m + 2*m**2. Calculate a(3).
3
Suppose -3*w + 24 = -w. Let l be 3/(-7) - w/21. Let m(i) = -i**2 + 0*i**2 + 4*i**2. Calculate m(l).
3
Let k(p) = p**2 + 11*p - 6. Let l(s) = 2*s**3 + 19*s**2 + 10*s - 2. Let g be l(-9). What is k(g)?
-6
Let x(t) = 26*t + 11. Let y(j) = 9*j + 4. Let f(v) = -6*x(v) + 17*y(v). Let w(u) = -8*u + 5. Suppose -11 = q - 0*q. Let b(g) = q*f(g) + 4*w(g). Determine b(-3).
-5
Let f(j) = -j**3 + 5*j**2 - j + 1. Let y = -138 - -143. What is f(y)?
-4
Suppose m + 4 = 4*q, -10 = -5*q + 2*q - m. Let t(p) = 2 - 2*p - q + 3 + 1. Determine t(5).
-6
Let s = 24 - 18. Let o(z) = z**2 - 7*z - 3. Determine o(s).
-9
Let k(o) = 3*o - 4*o - 5 - o**2 + 15 + 2*o**2. Let u(a) = -a**2. Let s(t) = -k(t) - 2*u(t). Give s(0).
-10
Let h(d) = -3 - 17*d + d**2 + 48*d - 6*d**2 - 27*d. What is h(2)?
-15
Let k = 8 - 8. Suppose i - 2 = -k. Let n(w) = 2*w**2 + 2*w. Determine n(i).
12
Let n(m) be the second derivative of m**5/120 + m**4/24 + m**3/6 + m. Let v(y) be the second derivative of n(y). Calculate v(-1).
0
Let y(q) = q - 4. Let s be -1 - (-1)/(-2)*-2. Give y(s).
-4
Let s(h) = -h**2 + 3*h - 1. Let r = 0 - 0. Suppose 2*y + 1 - 15 = r. Suppose 3*q = y*q - 4. Determine s(q).
1
Let s(r) = -r - 3. Let w(t) = -t - 5. Let o be w(0). Let d be s(o). Let b(q) = 6*q**2 - 6*q**3 + d*q**3 + 3*q**3 + 6 - 4*q - 2*q. Calculate b(5).
1
Let d(l) be the second derivative of l**3/2 + l**2 + 24*l. Suppose -4*z - 17 + 1 = 0. Let v = z - -6. Determine d(v).
8
Let l be 6 + -5 + 0 + 2. Let q(g) = -g**2 + 2*g - 1. Give q(l).
-4
Let d(o) = -2*o + o**3 + 4*o + 0*o - 4*o**2 + o - 5. Determine d(4).
7
Suppose -16 = 7*a + a. Let g(v) = -v**3 - 3*v**2 - 3*v - 2. What is g(a)?
0
Let h(d) = -2*d + 7. Let i(u) = -u + 4. Let l(j) = 5*h(j) - 8*i(j). Let f(q) = q**3 - q**2 + 3. Let b be f(0). Give l(b).
-3
Let x = -9 + 5. Let b(v) = v - 10. Let l(u) = 1 - 2 + u - 4. Let o(y) = 4*b(y) - 7*l(y). Calculate o(x).
7
Let a(g) = -g**2 - 7. Let m be a(0). Let v(f) = -f - 2. What is v(m)?
5
Let x(d) = d**2 + 4*d. Let w(a) be the third derivative of a**6/120 + 7*a**5/60 + a**4/6 - a**3 + 2*a**2. Let o be w(-6). Let u = o + -8. What is x(u)?
-4
Let a(q) = -q**3 + 0 + 4 + 0. Suppose -5*w + 30 = 3*p + 6, 40 = 5*p + w. Suppose -6*g + 4*r + p = -g, 0 = 4*g - 4*r - 8. Calculate a(g).
4
Suppose 6 = 3*w - 3. Let u(g) = -g**w - 11 - g + 5 + 2*g**2 - 2*g - 6*g**2. Suppose 5*t = -0*t - 20. Give u(t).
6
Let g = -7 - -1. Let d(f) be the second derivative of f**5/20 + 7*f**4/12 + 4*f**3/3 + 2*f**2 + 2*f. Give d(g).
-8
Let w(q) = -5*q**3 + 2*q**2 - 13*q - 1. Suppose -5*g + 3 = -2*g. Let c(t) = t**3 - t**2 + t. Let y(l) = g*w(l) + 6*c(